[INFO] fetching crate whitelist-updatable 0.12.0...
[INFO] checking whitelist-updatable-0.12.0 against master#9610dfe5a9a731ced1ea4923ecbd0c57fe367898 for beta-170-4
[INFO] extracting crate whitelist-updatable 0.12.0 into /workspace/builds/worker-7-tc1/source
[INFO] validating manifest of crates.io crate whitelist-updatable 0.12.0 on toolchain 9610dfe5a9a731ced1ea4923ecbd0c57fe367898
[INFO] running `Command { std: CARGO_HOME="/workspace/cargo-home" RUSTUP_HOME="/workspace/rustup-home" "/workspace/cargo-home/bin/cargo" "+9610dfe5a9a731ced1ea4923ecbd0c57fe367898" "metadata" "--manifest-path" "Cargo.toml" "--no-deps", kill_on_drop: false }`
[INFO] removed /workspace/builds/worker-7-tc1/source/.cargo/config
[INFO] started tweaking crates.io crate whitelist-updatable 0.12.0
[INFO] finished tweaking crates.io crate whitelist-updatable 0.12.0
[INFO] tweaked toml for crates.io crate whitelist-updatable 0.12.0 written to /workspace/builds/worker-7-tc1/source/Cargo.toml
[INFO] crate crates.io crate whitelist-updatable 0.12.0 already has a lockfile, it will not be regenerated
[INFO] running `Command { std: CARGO_HOME="/workspace/cargo-home" RUSTUP_HOME="/workspace/rustup-home" "/workspace/cargo-home/bin/cargo" "+9610dfe5a9a731ced1ea4923ecbd0c57fe367898" "fetch" "--manifest-path" "Cargo.toml", kill_on_drop: false }`
[INFO] [stderr]     Updating crates.io index
[INFO] [stderr]  Downloading crates ...
[INFO] [stderr]   Downloaded cw-controllers v0.16.0
[INFO] [stderr]   Downloaded cosmwasm-schema-derive v1.1.5
[INFO] [stderr]   Downloaded cw-multi-test v0.16.0
[INFO] [stderr]   Downloaded cw-controllers v0.15.1
[INFO] [stderr]   Downloaded sg-name-minter v0.12.0
[INFO] [stderr]   Downloaded cosmwasm-schema v1.1.5
[INFO] [stderr]   Downloaded sg-whitelist-basic v0.12.0
[INFO] [stderr]   Downloaded sg-multi-test v0.21.1
[INFO] [stderr]   Downloaded sg-std v0.21.1
[INFO] running `Command { std: "docker" "create" "-v" "/var/lib/crater-agent-workspace/builds/worker-7-tc1/target:/opt/rustwide/target:rw,Z" "-v" "/var/lib/crater-agent-workspace/builds/worker-7-tc1/source:/opt/rustwide/workdir:ro,Z" "-v" "/var/lib/crater-agent-workspace/cargo-home:/opt/rustwide/cargo-home:ro,Z" "-v" "/var/lib/crater-agent-workspace/rustup-home:/opt/rustwide/rustup-home:ro,Z" "-e" "SOURCE_DIR=/opt/rustwide/workdir" "-e" "CARGO_TARGET_DIR=/opt/rustwide/target" "-e" "CARGO_HOME=/opt/rustwide/cargo-home" "-e" "RUSTUP_HOME=/opt/rustwide/rustup-home" "-w" "/opt/rustwide/workdir" "-m" "1610612736" "--user" "0:0" "--network" "none" "ghcr.io/rust-lang/crates-build-env/linux@sha256:19e73879b68f455e41552ea35293514db52ea292d993f571636dbffedb77a1ee" "/opt/rustwide/cargo-home/bin/cargo" "+9610dfe5a9a731ced1ea4923ecbd0c57fe367898" "metadata" "--no-deps" "--format-version=1", kill_on_drop: false }`
[INFO] [stdout] 8a68fba0a53807a087a451fa4db5feac327d908f5c95f9a205a3d0ce309027a4
[INFO] running `Command { std: "docker" "start" "-a" "8a68fba0a53807a087a451fa4db5feac327d908f5c95f9a205a3d0ce309027a4", kill_on_drop: false }`
[INFO] running `Command { std: "docker" "inspect" "8a68fba0a53807a087a451fa4db5feac327d908f5c95f9a205a3d0ce309027a4", kill_on_drop: false }`
[INFO] running `Command { std: "docker" "rm" "-f" "8a68fba0a53807a087a451fa4db5feac327d908f5c95f9a205a3d0ce309027a4", kill_on_drop: false }`
[INFO] [stdout] 8a68fba0a53807a087a451fa4db5feac327d908f5c95f9a205a3d0ce309027a4
[INFO] running `Command { std: "docker" "create" "-v" "/var/lib/crater-agent-workspace/builds/worker-7-tc1/target:/opt/rustwide/target:rw,Z" "-v" "/var/lib/crater-agent-workspace/builds/worker-7-tc1/source:/opt/rustwide/workdir:ro,Z" "-v" "/var/lib/crater-agent-workspace/cargo-home:/opt/rustwide/cargo-home:ro,Z" "-v" "/var/lib/crater-agent-workspace/rustup-home:/opt/rustwide/rustup-home:ro,Z" "-e" "SOURCE_DIR=/opt/rustwide/workdir" "-e" "CARGO_TARGET_DIR=/opt/rustwide/target" "-e" "CARGO_INCREMENTAL=0" "-e" "RUST_BACKTRACE=full" "-e" "RUSTFLAGS=--cap-lints=forbid" "-e" "RUSTDOCFLAGS=--cap-lints=forbid" "-e" "CARGO_HOME=/opt/rustwide/cargo-home" "-e" "RUSTUP_HOME=/opt/rustwide/rustup-home" "-w" "/opt/rustwide/workdir" "-m" "1610612736" "--user" "0:0" "--network" "none" "ghcr.io/rust-lang/crates-build-env/linux@sha256:19e73879b68f455e41552ea35293514db52ea292d993f571636dbffedb77a1ee" "/opt/rustwide/cargo-home/bin/cargo" "+9610dfe5a9a731ced1ea4923ecbd0c57fe367898" "check" "--frozen" "--all" "--all-targets" "--message-format=json", kill_on_drop: false }`
[INFO] [stdout] a4fae59f843a10b1ba166876c8a6cd09b70d974fe38251b2344cfa1a281a9bfc
[INFO] running `Command { std: "docker" "start" "-a" "a4fae59f843a10b1ba166876c8a6cd09b70d974fe38251b2344cfa1a281a9bfc", kill_on_drop: false }`
[INFO] [stderr]    Compiling proc-macro2 v1.0.39
[INFO] [stderr]    Compiling generic-array v0.14.5
[INFO] [stderr]    Compiling unicode-ident v1.0.0
[INFO] [stderr]    Compiling syn v1.0.95
[INFO] [stderr]    Compiling libc v0.2.126
[INFO] [stderr]     Checking subtle v2.4.1
[INFO] [stderr]     Checking zeroize v1.5.5
[INFO] [stderr]    Compiling serde_derive v1.0.147
[INFO] [stderr]    Compiling serde v1.0.147
[INFO] [stderr]     Checking const-oid v0.9.0
[INFO] [stderr]     Checking base64ct v1.5.0
[INFO] [stderr]     Checking der v0.6.0
[INFO] [stderr]    Compiling getrandom v0.1.16
[INFO] [stderr]     Checking cpufeatures v0.2.2
[INFO] [stderr]     Checking base16ct v0.1.1
[INFO] [stderr]    Compiling serde_json v1.0.81
[INFO] [stderr]     Checking byteorder v1.4.3
[INFO] [stderr]     Checking itoa v1.0.2
[INFO] [stderr]    Compiling schemars v0.8.11
[INFO] [stderr]    Compiling quote v1.0.18
[INFO] [stderr]    Compiling crunchy v0.2.2
[INFO] [stderr]     Checking getrandom v0.2.6
[INFO] [stderr]     Checking spki v0.6.0
[INFO] [stderr]     Checking pkcs8 v0.9.0
[INFO] [stderr]     Checking block-buffer v0.10.3
[INFO] [stderr]     Checking rand_core v0.6.3
[INFO] [stderr]     Checking crypto-common v0.1.6
[INFO] [stderr]     Checking digest v0.9.0
[INFO] [stderr]     Checking sec1 v0.3.0
[INFO] [stderr]     Checking crypto-bigint v0.4.9
[INFO] [stderr]     Checking ff v0.12.1
[INFO] [stderr]     Checking digest v0.10.5
[INFO] [stderr]     Checking block-buffer v0.9.0
[INFO] [stderr]     Checking ryu v1.0.10
[INFO] [stderr]     Checking group v0.12.1
[INFO] [stderr]     Checking sha2 v0.9.9
[INFO] [stderr]     Checking rand_core v0.5.1
[INFO] [stderr]     Checking dyn-clone v1.0.5
[INFO] [stderr]     Checking hmac v0.12.1
[INFO] [stderr]     Checking signature v1.6.4
[INFO] [stderr]     Checking sha2 v0.10.6
[INFO] [stderr]     Checking static_assertions v1.1.0
[INFO] [stderr]     Checking uint v0.9.3
[INFO] [stderr]     Checking curve25519-dalek v3.2.0
[INFO] [stderr]     Checking forward_ref v1.0.0
[INFO] [stderr]    Compiling semver v1.0.14
[INFO] [stderr]    Compiling anyhow v1.0.57
[INFO] [stderr]     Checking bytes v1.1.0
[INFO] [stderr]     Checking elliptic-curve v0.12.3
[INFO] [stderr]     Checking rfc6979 v0.3.0
[INFO] [stderr]     Checking ecdsa v0.14.8
[INFO] [stderr]     Checking k256 v0.11.6
[INFO] [stderr]    Compiling serde_derive_internals v0.26.0
[INFO] [stderr]    Compiling thiserror-impl v1.0.31
[INFO] [stderr]    Compiling schemars_derive v0.8.11
[INFO] [stderr]    Compiling derivative v2.2.0
[INFO] [stderr]    Compiling cosmwasm-derive v1.1.5
[INFO] [stderr]    Compiling cosmwasm-schema-derive v1.1.5
[INFO] [stderr]    Compiling prost-derive v0.9.0
[INFO] [stderr]     Checking thiserror v1.0.31
[INFO] [stderr]     Checking prost v0.9.0
[INFO] [stderr]     Checking ed25519-zebra v3.0.0
[INFO] [stderr]     Checking serde-json-wasm v0.4.1
[INFO] [stderr]     Checking cosmwasm-crypto v1.1.5
[INFO] [stderr]     Checking cosmwasm-std v1.1.5
[INFO] [stderr]     Checking cosmwasm-schema v1.1.5
[INFO] [stderr]     Checking cw-storage-plus v0.16.0
[INFO] [stderr]     Checking cw-storage-plus v0.15.1
[INFO] [stderr]     Checking sg-whitelist-basic v0.12.0
[INFO] [stderr]     Checking cw2 v0.16.0
[INFO] [stderr]     Checking cw-utils v0.16.0
[INFO] [stderr]     Checking cw2 v0.15.1
[INFO] [stderr]     Checking cw-utils v0.15.1
[INFO] [stderr]     Checking cw721 v0.16.0
[INFO] [stderr]     Checking cw-controllers v0.16.0
[INFO] [stderr]     Checking cw-multi-test v0.16.0
[INFO] [stderr]     Checking cw-controllers v0.15.1
[INFO] [stderr]     Checking sg-name-minter v0.12.0
[INFO] [stderr]     Checking sg-std v0.21.1
[INFO] [stderr]     Checking whitelist-updatable v0.12.0 (/opt/rustwide/workdir)
[INFO] [stderr]     Checking sg-multi-test v0.21.1
[INFO] [stdout] error[E0433]: failed to resolve: use of undeclared crate or module `name_minter`
[INFO] [stdout]  --> src/integration_tests.rs:6:9
[INFO] [stdout]   |
[INFO] [stdout] 6 |     use name_minter::msg::InstantiateMsg as NameMinterInstantiateMsg;
[INFO] [stdout]   |         ^^^^^^^^^^^ use of undeclared crate or module `name_minter`
[INFO] [stdout]   |
[INFO] [stdout] help: there is a crate or module with a similar name
[INFO] [stdout]   |
[INFO] [stdout] 6 |     use sg_name_minter::msg::InstantiateMsg as NameMinterInstantiateMsg;
[INFO] [stdout]   |         ~~~~~~~~~~~~~~
[INFO] [stdout] 
[INFO] [stdout] 
[INFO] [stdout] error[E0433]: failed to resolve: use of undeclared crate or module `sg721_name`
[INFO] [stdout]   --> src/integration_tests.rs:32:13
[INFO] [stdout]    |
[INFO] [stdout] 32 |             sg721_name::entry::execute,
[INFO] [stdout]    |             ^^^^^^^^^^ use of undeclared crate or module `sg721_name`
[INFO] [stdout] 
[INFO] [stdout] 
[INFO] [stdout] error[E0433]: failed to resolve: use of undeclared crate or module `sg721_name`
[INFO] [stdout]   --> src/integration_tests.rs:33:13
[INFO] [stdout]    |
[INFO] [stdout] 33 |             sg721_name::entry::instantiate,
[INFO] [stdout]    |             ^^^^^^^^^^ use of undeclared crate or module `sg721_name`
[INFO] [stdout] 
[INFO] [stdout] 
[INFO] [stdout] error[E0433]: failed to resolve: use of undeclared crate or module `sg721_name`
[INFO] [stdout]   --> src/integration_tests.rs:34:13
[INFO] [stdout]    |
[INFO] [stdout] 34 |             sg721_name::entry::query,
[INFO] [stdout]    |             ^^^^^^^^^^ use of undeclared crate or module `sg721_name`
[INFO] [stdout] 
[INFO] [stdout] 
[INFO] [stdout] error[E0433]: failed to resolve: use of undeclared crate or module `name_minter`
[INFO] [stdout]   --> src/integration_tests.rs:41:13
[INFO] [stdout]    |
[INFO] [stdout] 41 |             name_minter::contract::execute,
[INFO] [stdout]    |             ^^^^^^^^^^^ use of undeclared crate or module `name_minter`
[INFO] [stdout]    |
[INFO] [stdout] help: there is a crate or module with a similar name
[INFO] [stdout]    |
[INFO] [stdout] 41 |             sg_name_minter::contract::execute,
[INFO] [stdout]    |             ~~~~~~~~~~~~~~
[INFO] [stdout] 
[INFO] [stdout] 
[INFO] [stdout] error[E0433]: failed to resolve: use of undeclared crate or module `name_minter`
[INFO] [stdout]   --> src/integration_tests.rs:42:13
[INFO] [stdout]    |
[INFO] [stdout] 42 |             name_minter::contract::instantiate,
[INFO] [stdout]    |             ^^^^^^^^^^^ use of undeclared crate or module `name_minter`
[INFO] [stdout]    |
[INFO] [stdout] help: there is a crate or module with a similar name
[INFO] [stdout]    |
[INFO] [stdout] 42 |             sg_name_minter::contract::instantiate,
[INFO] [stdout]    |             ~~~~~~~~~~~~~~
[INFO] [stdout] 
[INFO] [stdout] 
[INFO] [stdout] error[E0433]: failed to resolve: use of undeclared crate or module `name_minter`
[INFO] [stdout]   --> src/integration_tests.rs:43:13
[INFO] [stdout]    |
[INFO] [stdout] 43 |             name_minter::query::query,
[INFO] [stdout]    |             ^^^^^^^^^^^ use of undeclared crate or module `name_minter`
[INFO] [stdout]    |
[INFO] [stdout] help: there is a crate or module with a similar name
[INFO] [stdout]    |
[INFO] [stdout] 43 |             sg_name_minter::query::query,
[INFO] [stdout]    |             ~~~~~~~~~~~~~~
[INFO] [stdout] 
[INFO] [stdout] 
[INFO] [stdout] error[E0433]: failed to resolve: use of undeclared crate or module `name_minter`
[INFO] [stdout]   --> src/integration_tests.rs:45:21
[INFO] [stdout]    |
[INFO] [stdout] 45 |         .with_reply(name_minter::contract::reply)
[INFO] [stdout]    |                     ^^^^^^^^^^^ use of undeclared crate or module `name_minter`
[INFO] [stdout]    |
[INFO] [stdout] help: there is a crate or module with a similar name
[INFO] [stdout]    |
[INFO] [stdout] 45 |         .with_reply(sg_name_minter::contract::reply)
[INFO] [stdout]    |                     ~~~~~~~~~~~~~~
[INFO] [stdout] 
[INFO] [stdout] 
[INFO] [stdout] error[E0433]: failed to resolve: use of undeclared crate or module `name_minter`
[INFO] [stdout]   --> src/integration_tests.rs:46:20
[INFO] [stdout]    |
[INFO] [stdout] 46 |         .with_sudo(name_minter::sudo::sudo);
[INFO] [stdout]    |                    ^^^^^^^^^^^ use of undeclared crate or module `name_minter`
[INFO] [stdout]    |
[INFO] [stdout] help: there is a crate or module with a similar name
[INFO] [stdout]    |
[INFO] [stdout] 46 |         .with_sudo(sg_name_minter::sudo::sudo);
[INFO] [stdout]    |                    ~~~~~~~~~~~~~~
[INFO] [stdout] 
[INFO] [stdout] 
[INFO] [stdout] error: aborting due to 9 previous errors
[INFO] [stdout] 
[INFO] [stdout] 
[INFO] [stdout] For more information about this error, try `rustc --explain E0433`.
[INFO] [stdout] 
[INFO] [stderr] error: could not compile `whitelist-updatable` (lib test) due to 10 previous errors
[INFO] [stderr] warning: build failed, waiting for other jobs to finish...
[INFO] running `Command { std: "docker" "inspect" "a4fae59f843a10b1ba166876c8a6cd09b70d974fe38251b2344cfa1a281a9bfc", kill_on_drop: false }`
[INFO] running `Command { std: "docker" "rm" "-f" "a4fae59f843a10b1ba166876c8a6cd09b70d974fe38251b2344cfa1a281a9bfc", kill_on_drop: false }`
[INFO] [stdout] a4fae59f843a10b1ba166876c8a6cd09b70d974fe38251b2344cfa1a281a9bfc
